f 3908285064?
False
Is 45341298 a multiple of 2398?
False
Is 941 a factor of 4450260?
False
Does 5110 divide 178752910?
True
Is 173671815 a multiple of 98?
False
Is 12 a factor of 93979033?
False
Is 5 a factor of 3132871794?
False
Is 10 a factor of 212717350?
True
Is 2127 a factor of 20617011?
True
Is 155 a factor of 1215921370?
True
Is 5884669512 a multiple of 549?
True
Does 23 divide 554272085?
False
Is 69 a factor of 22620339?
True
Does 280 divide 71132863?
False
Does 63 divide 5001822?
True
Does 6 divide 83387075?
False
Is 827 a factor of 3630396976?
False
Is 33590095 a multiple of 7?
True
Is 4 a factor of 59861133?
False
Does 494 divide 688915110?
True
Is 124 a factor of 3213088?
True
Does 33 divide 1700637378?
True
Is 51138400 a multiple of 400?
True
Is 60 a factor of 669244800?
True
Is 6311 a factor of 230732994?
False
Is 3141 a factor of 208610921?
False
Is 134 a factor of 69395473?
False
Is 17 a factor of 276439128?
False
Is 2734443672 a multiple of 31?
False
Is 15 a factor of 32225970?
True
Does 23 divide 73887867?
False
Is 11358266 a multiple of 179?
True
Is 884 a factor of 2646210071?
False
Is 612 a factor of 110988788?
False
Does 21 divide 223247315?
False
Is 19128344 a multiple of 85?
False
Is 39385891 a multiple of 2544?
False
Is 152439560 a multiple of 602?
False
Does 148 divide 11437363?
False
Is 667922916 a multiple of 4?
True
Does 14 divide 12612096?
True
Is 593491367 a multiple of 383?
False
Is 967 a factor of 105185425?
True
Does 7 divide 109841774?
True
Is 3726795973 a multiple of 175?
False
Does 7 divide 47777513?
True
Is 200 a factor of 118244150?
False
Is 9402316 a multiple of 2401?
True
Does 1700 divide 1341238800?
True
Does 14232 divide 3181312391?
False
Does 2448 divide 24671962?
False
Does 25 divide 13962675?
True
Is 18 a factor of 73164633?
False
Does 696 divide 173806512?
True
Is 650717364 a multiple of 4908?
True
Does 20 divide 198009200?
True
Is 787246177 a multiple of 1049?
True
Is 15222204 a multiple of 323?
False
Is 74 a factor of 166899378?
True
Does 69 divide 514334212?
False
Is 50 a factor of 91355200?
True
Does 194 divide 1320946?
True
Is 27 a factor of 434277099?
True
Is 216912072 a multiple of 674?
True
Is 38 a factor of 910898?
True
Is 76215099 a multiple of 16?
False
Does 83 divide 20666502?
True
Does 1040 divide 125636120?
False
Is 225 a factor of 11739536?
False
Is 12507122 a multiple of 5?
False
Is 157660870 a multiple of 37?
False
Is 941 a factor of 72569284?
False
Is 135 a factor of 6262110?
True
Is 53409063 a multiple of 76?
False
Is 1657 a factor of 221087432?
False
Is 646466653 a multiple of 620?
False
Is 28793244 a multiple of 5?
False
Is 110693736 a multiple of 9?
True
Is 2999203585 a multiple of 25?
False
Is 129740260 a multiple of 298?
True
Does 52 divide 6009640?
True
Is 221682517 a multiple of 61?
False
Is 856 a factor of 5573689?
False
Is 847329289 a multiple of 234?
False
Is 8442154 a multiple of 58?
False
Is 11 a factor of 1575574814?
True
Is 12776 a factor of 1205632792?
True
Is 51850883 a multiple of 10?
False
Does 6 divide 23825025?
False
Is 299 a factor of 18838495?
True
Is 18023922 a multiple of 9?
True
Is 1077732690 a multiple of 184?
False
Is 17540799 a multiple of 3?
True
Does 22 divide 1780721668?
True
Does 8 divide 3114693?
False
Is 100776676 a multiple of 52?
True
Is 2683 a factor of 67748433?
True
Does 180 divide 2835707220?
True
Is 65 a factor of 1068016355?
False
Is 37 a factor of 898549458?
False
Does 6 divide 110721780?
True
Is 359351381 a multiple of 22?
False
Does 1124 divide 56917112?
True
Does 2054 divide 1042573428?
True
Is 21 a factor of 4680590523?
True
Is 3126 a factor of 81532648?
False
Is 3611758 a multiple of 15?
False
Is 11126844 a multiple of 2?
True
Does 1729 divide 37344671?
True
Does 49 divide 450690?
False
Is 87926832 a multiple of 144?
True
Is 452484214 a multiple of 689?
True
Is 94 a factor of 1879094404?
True
Does 794 divide 751124?
True
Is 451 a factor of 738001?
False
Does 12 divide 50411124?
True
Is 46 a factor of 15295874?
True
Is 82837618 a multiple of 3?
False
Is 4 a factor of 13479260?
True
Does 186 divide 50417160?
True
Is 17850247 a multiple of 401?
False
Is 5022598 a multiple of 7?
True
Is 15890448 a multiple of 728?
False
Does 6 divide 328816626?
True
Does 578 divide 114559782?
False
Is 256096359 a multiple of 2325?
False
Is 1271 a factor of 53671384?
False
Does 114 divide 563976696?
True
Is 3 a factor of 100686637?
False
Is 40499344 a multiple of 8?
True
Is 1795498720 a multiple of 1208?
True
Is 5 a factor of 273061360?
True
Does 2 divide 50058551?
False
Is 785 a factor of 54818716?
False
Is 4 a factor of 490573992?
True
Does 591 divide 6566657?
False
Does 7754 divide 367203791?
False
Is 1005862365 a multiple of 523?
True
Does 2758 divide 6726762?
True
Is 8499802 a multiple of 169?
False
Is 1229 a factor of 35583574?
False
Is 1265 a factor of 154977742?
False
Is 62139260 a multiple of 35?
False
Does 277 divide 917724325?
False
Does 1014 divide 73417506?
False
Does 2094 divide 189035850?
True
Does 54 divide 10489038?
False
Is 20 a factor of 1062060?
True
Is 977 a factor of 1303676789?
False
Is 105837933 a multiple of 2?
False
Does 146 divide 60369832?
True
Is 1554 a factor of 44402195?
False
Is 689711505 a multiple of 207?
False
Is 75319296 a multiple of 2496?
True
Does 370 divide 116860703?
False
Does 27 divide 90023427?
True
Is 1092598193 a multiple of 8014?
False
Is 12 a factor of 1299243528?
True
Does 1991 divide 7580593342?
False
Is 1170013335 a multiple of 47?
False
Is 668 a factor of 132959350?
False
Is 69219730 a multiple of 1570?
True
Is 124151961 a multiple of 402?
False
Is 743590336 a multiple of 64?
True
Does 323 divide 7647569?
False
Is 61 a factor of 116722646?
True
Is 719305011 a multiple of 217?
False
Does 191 divide 195410319?
False
Does 187 divide 1187910025?
False
Is 3834459 a multiple of 249?
False
Does 90 divide 24532200?
True
Does 31 divide 9240170?
True
Is 137 a factor of 8053601?
False
Does 172 divide 9922336?
True
Is 8296512 a multiple of 21?
True
Is 86 a factor of 17632752?
True
Is 14 a factor of 895198738?
True
Is 235 a factor of 1670077507?
False
Is 1707 a factor of 75360636?
True
Is 98676591 a multiple of 13?
True
Is 421 a factor of 5266289?
True
Is 624266675 a multiple of 1351?
False
Is 528833721 a multiple of 1528?
False
Does 14 divide 412157046?
True
Does 5596 divide 4012677621?
False
Does 13251 divide 2143000669?
False
Does 2150 divide 17064550?
True
Does 4365 divide 113402700?
True
Is 2276598600 a multiple of 225?
True
Does 62 divide 76651305?
False
Is 2161826875 a multiple of 25?
True
Is 14809550 a multiple of 10?
True
Does 100 divide 78173000?
True
Is 2427 a factor of 753403876?
False
Is 32 a factor of 580862177?
False
Does 16 divide 43094327?
False
Is 122477097 a multiple of 57?
True
Does 8 divide 45681216?
True
Does 35 divide 209431005?
True
Is 50 a factor of 127353241?
False
Is 54 a factor of 12576168?
True
Is 67 a factor of 621626?
True
Does 440 divide 496150600?
True
Does 5 divide 48152150?
True
Is 478 a factor of 734070821?
False
Is 23825422 a multiple of 31?
True
Does 2456 divide 8741644?
False
Is 1443816181 a multiple of 857?
True
Is 3852 a factor of 283803804?
True
Does 2 divide 588782910?
True
Is 152 a factor of 53228880?
True
Is 399 a factor of 41813098?
False
Does 7 divide 30971230?
False
Does 219 divide 63156095?
False
Does 503 divide 35950568?
False
Does 146 divide 340883456?
False
Does 15 divide 714713?
False
Does 15 divide 556128675?
True
Is 17 a factor of 1088077775?
True
Is 5 a factor of 256920617?
False
Does 1652 divide 49341936?
True
Does 36 divide 1140877152?
True
Does 11 divide 34843064?
False
Does 6 divide 661186927?
False
Is 1850 a factor of 321861150?
True
Is 28512080 a multiple of 940?
True
Is 4720 a factor of 3011447150?
False
Does 337 divide 475413189?
False
Does 271 divide 12868435?
True
Is 274 a factor of 5553142?
False
Is 593 a factor of 125793090?
True
Is 27 a factor of 584679835?
False
Is 177557972 a multiple of 9?
False
Is 19 a factor of 48348155?
False
Does 121 divide 29911751?
False
Is 7 a factor of 14360402?
True
Is 871 a factor of 1144943681?
False
Is 53133378 a multiple of 6?
True
Is 185 a factor of 473046387?
False
Is 11 a factor of 2410355886?
False
Is 92 a